*2 + 5*h + 4. Determine j(8).
-20
Let a(o) = -o**2 + o + 4. What is a(6)?
-26
Let u(v) = 4*v - 25. What is u(5)?
-5
Let c(p) = -p - 1. What is c(-1)?
0
Let b(x) = x**3 + 3*x**2 - 13*x - 16. Give b(-5).
-1
Let f(u) = -u**3 - 2*u**2 - u - 6. What is f(-4)?
30
Let t(h) = h**2 + 4. What is t(-4)?
20
Let q(d) = 2*d**3 - 43*d**2 - 21*d - 20. What is q(22)?
2
Let b(o) = o - 26. Calculate b(18).
-8
Let y(g) = g + 1. Give y(6).
7
Let v(s) = 22*s + 1. What is v(-1)?
-21
Let n(l) = -16*l + 18. Determine n(1).
2
Let n(v) = -v**2 + 8*v + 16. What is n(7)?
23
Let q(l) = l**2 + 13*l + 31. Calculate q(-5).
-9
Let g(b) = 19*b - 6. Give g(2).
32
Let d(h) = 32*h - 62. What is d(2)?
2
Let s(u) = -u**3 + 3*u**2 + 4*u + 2. Calculate s(5).
-28
Let s(m) = -20*m**3 + 3*m**2 - 2. Determine s(-1).
21
Let w(z) = -z**2 + 2*z + 6. Give w(0).
6
Let x(c) = -19*c - 11. Determine x(-3).
46
Let d(u) = -2*u - 16. Determine d(-20).
24
Let v(h) = h**3 - 7*h**2 - 2*h - 7. Give v(8).
41
Let a(c) = 2*c**3 + 20*c**2 + 17*c - 13. Determine a(-9).
-4
Let m(h) = -h**2 + 13*h + 17. Calculate m(13).
17
Let u(p) = -p**3 - 3*p**2 - 4*p + 1. Give u(-3).
13
Let o(b) = -2*b**2 - 13*b - 7. Give o(0).
-7
Let w(d) = d**3 + 4*d**2 - 3*d - 13. What is w(-4)?
-1
Let g(f) = -22*f - 82. Calculate g(-6).
50
Let h(g) = 3*g**2 + 37*g + 15. What is h(-11)?
-29
Let x(g) = -6*g**2 + 17*g - 3. Determine x(4).
-31
Let y(s) = s**2 - 3*s - 2. What is y(4)?
2
Let u(t) = -t**3 - 7*t**2 - 4*t + 38. Calculate u(-5).
8
Let n(l) = l**2 + 2*l - 3. Determine n(-4).
5
Let b(h) = h**3 + 4*h**2 - 3*h + 3. Determine b(2).
21
Let y(a) = a**3 - 18*a**2 + 15*a + 40. Determine y(17).
6
Let q(b) = 2*b**2 + 7*b + 6. Give q(-4).
10
Let p(x) = 2*x + 4. What is p(8)?
20
Let m(c) = 2*c + 4. Determine m(3).
10
Let r(s) = -14*s**2 + 4*s - 4. What is r(1)?
-14
Let o(j) = -j + 1. Determine o(-8).
9
Let a(f) = 5*f**2 + 1. What is a(-1)?
6
Let l(r) = -255*r - 1268. Determine l(-5).
7
Let i(r) = -r**3 - 6*r**2 + r + 4. Give i(-6).
-2
Let v(x) = 2*x**2 + 7*x - 42. Calculate v(3).
-3
Let q(v) = v - 6. Calculate q(12).
6
Let p(t) = -10*t - 124. What is p(-15)?
26
Let f(i) = 10*i + 127. What is f(-11)?
17
Let a(h) = -h**2 + 40*h - 122. Calculate a(35).
53
Let r(m) = -m**2 - 21*m - 103. Calculate r(-9).
5
Let l(k) = k - 22. What is l(7)?
-15
Let q(w) = w**3 + 14*w**2 + 12*w + 13. Give q(-13).
26
Let t(z) = -z**2 + 3. Calculate t(5).
-22
Let a(k) = -5*k - 49. Calculate a(-8).
-9
Let s(c) = c**2 + 25*c - 771. Calculate s(-43).
3
Let o(w) = -7*w - 4. Give o(-2).
10
Let k(y) = y**2 - y + 7. Give k(-5).
37
Let v(f) = 16*f**3 - f**2 - f - 1. What is v(-1)?
-17
Let y(g) = -g**3 - 27*g**2 - g - 32. Calculate y(-27).
-5
Let m(t) = -50*t - 400. Give m(-8).
0
Let u(y) = 2*y**2 - 22*y + 50. What is u(8)?
2
Let i(x) = -2*x**2 + 13*x - 24. Determine i(4).
-4
Let c(i) = -i**2 - 11*i + 4. Give c(5).
-76
Let n(r) = 3*r**2 - 20*r - 8. What is n(9)?
55
Let h(i) = i**3 - 4*i**2 - 3*i + 15. What is h(4)?
3
Let q(l) = -3*l**2 - 7*l + 7. What is q(-4)?
-13
Let v(p) = -5*p + 43. Determine v(20).
-57
Let k(j) = 2*j**3 - 6*j**2 + j + 17. Calculate k(3).
20
Let j(g) = g**2 + 25. Determine j(0).
25
Let u(j) = -j**3 - 13*j**2 - 19*j - 11. Give u(-11).
-44
Let b(h) = -2*h**3 - 13*h**2 + 5*h + 4. Determine b(-7).
18
Let l(m) = -m**2 + m + 45. Give l(7).
3
Let k(v) = -v**3 - 6*v**2 + 15*v - 10. What is k(-8)?
-2
Let i(w) = -25*w - 179. Give i(-7).
-4
Let j(w) = w**3 - 14*w**2 + 24*w - 9. What is j(12)?
-9
Let j(v) = 35*v - 129. Determine j(4).
11
Let l(n) = 9*n - 4. Give l(1).
5
Let u(w) = -6*w - 8. What is u(-3)?
10
Let k(s) = s**3 - 21*s**2 - 22*s + 53. What is k(22)?
53
Let i(r) = r**2 + 3*r - 5. Give i(-7).
23
Let t(r) = r + 16. What is t(-14)?
2
Let j(v) = v + 7. Determine j(-8).
-1
Let p(m) = -2*m**3 - 5*m**2 + 5*m + 4. Determine p(-4).
32
Let y(u) = -u**3 + 3*u**2 - u + 4. Give y(4).
-16
Let b(w) = -12*w**3 - 2*w + 2. Give b(1).
-12
Let k(j) = -j**3 + 16*j**2 - 39*j - 6. Determine k(13).
-6
Let v(d) = d - 8. Give v(6).
-2
Let g(l) = -l**3 + 12*l**2 - 5*l - 15. Determine g(11).
51
Let n(q) = q**3 - 10*q**2 - 7*q + 20. Determine n(10).
-50
Let n(d) = d**3 - d**2 - d - 25. Determine n(0).
-25
Let q(s) = 8*s + 68. What is q(-8)?
4
Let j(r) = -r**3 - 24*r**2 - 82*r - 18. Determine j(-20).
22
Let m(n) = 2*n**2 + n - 4. What is m(-4)?
24
Let n(t) = 2*t**2 - 30*t - 31. Determine n(16).
1
Let m(u) = u**3 + 2*u**2 - 3*u - 6. What is m(-5)?
-66
Let n(i) = 9*i - 311. What is n(35)?
4
Let p(a) = -a**3 + 18*a**2 + 41*a - 17. Calculate p(20).
3
Let p(l) = 2*l**2 + 57*l + 230. Calculate p(-5).
-5
Let l(x) = -6*x - 48. Calculate l(-10).
12
Let f(p) = p**2 + 11*p - 5. Calculate f(-12).
7
Let m(h) = 11*h - 1. Calculate m(-2).
-23
Let j(w) = -25*w - 28. What is j(-1)?
-3
Let s(q) = q**2 - 27*q + 50. What is s(25)?
0
Let g(z) = -z**3 - 4*z**2 - 3*z - 2. What is g(-3)?
-2
Let k(b) = -3*b**3 - b**2 + 2*b + 10. Calculate k(3).
-74
Let r(z) = -z**3 - 3*z**2 - 6*z - 2. Determine r(-2).
6
Let k(s) = 2*s - 99. Give k(53).
7
Let k(h) = -h**3 + 25*h**2 - 27*h + 81. Determine k(24).
9
Let z(c) = -3*c**2 - 26*c + 6. Give z(-9).
-3
Let n(c) = 7*c**2 - 11*c + 18. What is n(2)?
24
Let f(o) = -o**3 + 2*o**2 + o - 4. Determine f(3).
-10
Let r(d) = -5*d**2 - 32*d - 16. What is r(-6)?
-4
Let h(i) = -i**2 - 7*i - 2. Give h(-9).
-20
Let y(m) = -m**3 - 11*m**2 - 6*m + 1. Calculate y(-10).
-39
Let w(c) = -c**3 + 4*c**2 + 5*c - 3. Determine w(6).
-45
Let k(g) = -3*g**3 - 10*g**2 + 3*g - 4. Determine k(-4).
16
Let n(r) = -2*r**2 + 1. Calculate n(-1).
-1
Let r(q) = q**3 - 8*q**2 - 6*q - 7. Give r(9).
20
Let j(o) = o**3 + 14*o**2 - 14*o + 12. Give j(-15).
-3
Let o(b) = -b**3 + 11*b**2 + 16*b - 32. Give o(12).
16
Let g(m) = m**3 - 6*m**2 + 2*m + 12. Determine g(5).
-3
Let v(m) = -m**3 + 7*m**2 - m - 3. Give v(7).
-10
Let h(z) = -z**3 - 12*z**2 - 19*z + 4. What is h(-10)?
-6
Let j(y) = 10*y + 301. Calculate j(-30).
1
Let i(d) = -2*d + 32. Calculate i(16).
0
Let i(v) = v**3 - 5*v**2 + 3*v - 3. Calculate i(4).
-7
Let o(z) = 3*z**2 + 111*z + 5. What is o(-37)?
5
Let k(z) = -z**3 - 3*z**2 + 18*z - 5. Determine k(-7).
65
Let f(k) = 2*k**2 - 61*k - 25. Determine f(31).
6
Let l(p) = 8*p - 8. Calculate l(4).
24
Let p(o) = -o**2 + 5*o - 4. Calculate p(7).
-18
Let u(o) = o**3 - 5*o**2 - o + 7. Determine u(5).
2
Let b(g) = g**3 - 26*g**2 - 29*g + 55. Determine b(27).
1
Let x(d) = d**2 - 7*d - 22. Calculate x(10).
8
Let q(g) = -g**2 - 2*g + 15. Give q(-5).
0
Let c(q) = 4*q - 116. What is c(29)?
0
Let y(b) = b**3 + 11*b**2 + 11. Determine y(-11).
11
Let m(d) = -d**2 - 12*d + 5. Calculate m(-11).
16
Let y(l) = 7*l + 4. What is y(-2)?
-10
Let v(g) = -g**3 - g**2 - g - 36. Calculate v(0).
-36
Let k(d) = -27*d + 115. Determine k(5).
-20
Let x(s) = -s**3 + 7*s**2 - s. What is x(7)?
-7
Let x(w) = 17*w + 108. Give x(-7).
-11
Let t(q) = -q**2 + q + 10. Give t(-5).
-20
Let l(q) = -q**3 - 4*q**2 + 7*q - 6. Calculate l(-5).
-16
Let v(z) = 24*z + 41. What is v(-5)?
-79
Let t(s) = s**3 - 23*s**2 - 22*s - 39. What is t(24)?
9
Let b(y) = y**2 + 38*y - 31. Determine b(-39).
8
Let b(j) = -j**3 + 12*j**2 - 11*j - 25. Calculate b(11).
-25
Let z(c) = c + 19. Calculate z(-7).
12
Let p(o) = 13*o**2 + 221*o. Calculate p(-17).
0
Let d(i) = i**2 + 2*i - 69. Determine d(-9).
-6
Let t(k) = -k**3 + 2*k**2 + 2*k - 2. Determine t(2).
2
Let d(b) = -b**3 - 11*b**2 + 12*b - 3. What is d(-12)?
-3
Let a(s) = s**2 + 11*s - 43. What is a(-14)?
-1
Let b(h) = h**3 - 8*h**2 - 11*h + 9. Give b(9).
-9
Let f(u) = 23*u - 25. Give f(2).
21
Let n(r) = -6*r**3 + 54*r**2 + 4. Calculate n(9).
4
Let l(u) = -u**2 + 10*u - 3. Determine l(9).
6
Let f(v) = -v**3 - 7*v**2 - 7*v + 8. What is f(-5)?
-7
Let i(t) = -t**3 - 14*t**2 + 7. Calculate i(-14).
7
Let i(g) = 4*g + 30. Calculate i(-10).
-10
Let w(l) = -2*l - 12. Give w(-11).
10
Let p(n) = -9*n + 5. Determine p(-1).
14
Let p(i) = i**2 - 9*i - 37. Determine p(14).
33
Let h(t) = -t + 30. Determine h(0).
30
Let x(c) = -5*c - 6. Give x(3).
-21
Let f(m) = -9*m + 20. Give f(4).
-16
Let l(g) = -18*g**3 + g**2 + 2*g + 1. Give l(-1).
18
Let z(i) = -i**3 - i**2 + i + 27. Determine z(0).
27
Let u(w) = -6*w + 2. Calculate u(-5).
32
Let l(d) = -d**2 + 9*d - 7. Determine l(8).
1
Let z(u) = -u**3 - 11*u**2 - 9*u + 11. Calculate z(-10).
1
Let 